u = -4*g - 645, 0 = -4*u + 2*g + 522. Let d = -14 + 82. What is the remainder when u is divided by d?
65
Let u = 200 - 189. Suppose 8*f = -u*f + 285. Suppose 0 = -3*c + 6 + 123. Calculate the remainder when c is divided by f.
13
Suppose -48*o + 1165 = -515 - 2784. Let x(k) = k**3 + 4*k**2 + 2*k - 3. Let b be x(-6). Let s = o + b. What is the remainder when 41 is divided by s?
5
Suppose -7*q + 9 = -26. Suppose t - 3 = 0, -q*t + 192 = 4*f - t. Suppose -y - 9*c + f = -7*c, 186 = 4*y + 2*c. Calculate the remainder when y is divided by 12.
11
Let r(h) = 12*h**2 + 13*h + 32. Calculate the remainder when 399 is divided by r(-3).
96
Suppose 2*s - 336 = -4*j, -5*s + j + 186 = -4*s. What is the remainder when 339 is divided by s?
159
Let k be 12/(-3) - (-2 - -3). Let n(f) = -6*f + 69. Calculate the remainder when n(k) is divided by 2/(-8) + 404/16.
24
Suppose 0 = -3*m + 5*v + 275, -197 = -4*m - 2*v + 109. What is the remainder when 936 is divided by m?
56
Let k(d) = -6*d - 50. Let h be k(-13). What is the remainder when 41 is divided by -5 + (-21)/h*(-38 + 2)?
19
Suppose 4*m + 18 = 5*s + 3*m, 2*s - 2*m - 4 = 0. Suppose -w + 400 = s*c, -2*c - 3*w = -7*w - 200. Calculate the remainder when c is divided by 35.
30
Calculate the remainder when 1144 is divided by (-19 - (-21919)/69) + 4/3.
244
Suppose -9*c + 772 = -200. Let a = c - 71. Let l(y) = -y**2 + 182. Calculate the remainder when l(0) is divided by a.
34
Let m = 175 - 74. Suppose -135 = -4*p + m. Calculate the remainder when 353 is divided by p.
58
Let j = 401 - 412. Let q(r) = 2*r**3 + 22*r**2 - 12*r - 34. Calculate the remainder when q(j) is divided by 56.
42
Suppose 2*i + 249 = 45*i + 77. What is the remainder when 1/((-126)/(-123) + -1) is divided by i?
1
Let m = -537 + 622. Calculate the remainder when 337 is divided by m.
82
Calculate the remainder when 274 - ((-9)/9 - -2) is divided by 48.
33
Calculate the remainder when 30/(-4)*2992/(-20) is divided by 2.
0
Let b(x) = -14*x - 218. Let a be b(-15). What is the remainder when 142 is divided by 8/((-320)/(-350)) + 6/a?
6
What is the remainder when 1821 is divided by (1615/133 + (-3)/21)/(1/1)?
9
What is the remainder when (2 - -132)/((-2)/(-5)) is divided by ((-2)/3)/((-4)/24)*(14 + 0) + 1?
50
Suppose 1459 = f + 2*q - 193, 4*q + 1682 = f. What is the remainder when f is divided by 104?
102
Suppose 41*i - 5606 = -15*i + 18250. What is the remainder when i is divided by 87?
78
Let q = -212 - -330. Let u(j) = j**2 - 56*j - 400. What is the remainder when q is divided by u(63)?
36
Suppose c + 16 = 29*o - 25*o + 175, 0 = -5*o. Let p = 43 + -1. What is the remainder when c is divided by p?
33
Suppose 0 = -8*n + 4*n + 1844. Calculate the remainder when n is divided by (-9 - -261)/4 - -3.
65
Calculate the remainder when (-2814)/(-4)*-2*5/(-30)*2 is divided by 28.
21
Let y be (38 - 2)*(-8)/24. Calculate the remainder when 66 is divided by y/9 - 318/(-9).
32
Let c(z) = -199*z - 1881. Calculate the remainder when 630 is divided by c(-11).
14
Let s(k) = -3*k**2 + 7*k + 1. Let n be s(7). Let x = -87 - n. Calculate the remainder when 49 is divided by 165/x + 1/2.
15
Let p = 202 + -194. Suppose 5*l + 60 = p*l + 3*y, -40 = -2*l + 2*y. What is the remainder when 29 is divided by l?
9
Suppose -6*b + 4*b = -6. Let o(n) = -16*n**2 - 13. Let v be o(b). Let p = -91 - v. Calculate the remainder when p is divided by 19.
9
Let r = 42932 + -42821. What is the remainder when 1441 is divided by r?
109
Suppose 0 = -23808*w + 23855*w - 6815. Suppose 0 = -2*o - 5*j + 124, -2*o - j + 120 = 2*j. What is the remainder when w is divided by o?
31
Suppose 0 = 2*x - 2*u - 1674, -7*x + 9*x + u - 1662 = 0. Calculate the remainder when x is divided by 11.
8
Suppose 0 = 5*x + 5*i - 20 - 30, 0 = -5*i. Suppose 2*u = h + 25 - 9, 5*u + 4*h - 40 = 0. Calculate the remainder when 3*14*x/15 is divided by u.
4
Let x = 177 - 112. Let a = -111 + x. Let u = a + 79. Calculate the remainder when u is divided by 9.
6
Suppose q = -5*k + 472, 2*k = -3 + 11. Let y = q + -269. Calculate the remainder when y is divided by 46.
45
Let q(u) = -u**3 + 23*u**2 + 126*u - 2362. What is the remainder when 1531 is divided by q(24)?
69
Let b = -936 + 945. Let x = 4 + -1. Let g(z) = -z**3 + 4*z**2 + z + 3. Calculate the remainder when g(x) is divided by b.
6
Let b = 94 - 82. What is the remainder when (-1)/(1/3)*(-382)/3 is divided by b?
10
Let u(x) = 3*x**2 - 7*x**2 + 2*x**3 - x + 5*x. What is the remainder when u(3) is divided by (-2)/(10/275*-5)?
8
Let m = 14305 - 13187. What is the remainder when m is divided by 35?
33
Suppose -8*l + 2*g = -13*l + 1010, -5*g = -4*l + 808. Suppose -58 = -5*z + l. Let h = z + -26. Calculate the remainder when 34 is divided by h.
8
Suppose -6*w + 20 = 3*k - 11*w, -4 = 4*w. Let y(j) = j + 5 + k + 4. Calculate the remainder when 119 is divided by y(-6).
7
Suppose 4*q + 8 = -5*y + y, 4 = 4*y - 2*q. Suppose -z + 4*w + y*w = -12, 0 = 5*z + 4*w - 60. Calculate the remainder when 67 is divided by z.
7
Let t = 1738 - 1058. Suppose -7*k = k - t. Calculate the remainder when k is divided by 42.
1
Suppose 5 = w - 10. Suppose 9*b + 25*b = -408. What is the remainder when -7 + (-429)/b + 2/8 is divided by w?
14
Let y(b) = b**3 - 14*b**2 + 2*b + 43. What is the remainder when 827 is divided by y(14)?
46
Suppose 0 = -0*t + t - 3. Suppose 0 = -3*d - p + 916, 6*d - 3*d = t*p + 912. Suppose 69 + d = 11*n. What is the remainder when n is divided by 21?
13
Let y = 33 + -22. Suppose 0 = -24*j + 1977 + 279. What is the remainder when j is divided by y + (-1)/(-2)*6?
10
Suppose 4 = o - 0*o. Suppose 3*h - 1 = -2*u + 4*u, h = 5*u - o. Let m = 7572 + -7569. Calculate the remainder when m is divided by u.
0
Let r(y) = 8*y + 19. Let s be r(-11). Let w = -18 - s. Calculate the remainder when 101 is divided by w.
50
Let c(z) = 51*z + 6648. Calculate the remainder when c(-117) is divided by 55.
21
Let k = -8 - -8. Suppose -4*d - 4*a - 28 = -6*d, 4*a = -4*d + 8. Suppose z - d*z + 155 = k. Calculate the remainder when z is divided by 11.
9
Suppose 1 = 2*k - w - 18, 2*k - 3*w = 25. Suppose 5*h = -4*t + 164, -2*h - 1184 = t - 1225. What is the remainder when t is divided by k?
1
Let o(q) be the second derivative of q**4/12 + q**3/6 + 10*q**2 - 8*q. Calculate the remainder when o(0) is divided by (-3*1/(-9))/((-12)/(-396)).
9
Suppose l - 2*u + 66 = 5*l, -5*l + 4*u = -50. Suppose 0 = -l*g + 8*g + 96. Calculate the remainder when 173 is divided by g.
13
Let r = -163 - -228. Suppose 4*i - r = l, 0*l + l = -1. Suppose -3*n + 6 = w - 17, -5*n = 4*w - 50. What is the remainder when i is divided by n?
4
Let c(a) = -3*a**2 + 2. Let z be c(-1). Suppose 0 = -2*t + 2*j + 86, 0*j = -4*j - 12. What is the remainder when t is divided by (z + 22/10)/(183/2440)?
8
Suppose 0 = 6*z - 24*z + 1565 + 703. Calculate the remainder when 393 is divided by z.
15
Let f(u) be the third derivative of -29*u**4/24 - 20*u**3/3 - 11*u**2 + 3. Let g(z) = 70*z**2. Calculate the remainder when g(-2) is divided by f(-3).
45
Let o(t) = t**2 + 16*t + 46. Let r be o(-14). What is the remainder when 187 is divided by 4*r/8 + 1 + 0?
7
Suppose 0 = -59*z + 68*z - 63. Let t(c) = 3*c**3 + 7*c**2 - 4*c + 1. Let f be t(-3). Let w = f - -44. Calculate the remainder when w is divided by z.
4
What is the remainder when 304 is divided by (2 + -22)/2*(-260)/100?
18
Let z be (-2)/((-1 + 0)/2) + -4. Suppose 3*c + 4*j - 74 = z, 3*c = -2*j + 3 + 61. Let o(q) = 4*q + 1. What is the remainder when o(12) is divided by c?
13
Suppose -58*z - 12364 = -201*z + 52701. Calculate the remainder when z is divided by (116/(-5))/((-2)/10).
107
What is the remainder when (-595)/952 + 24602/16 is divided by 306?
7
Let o = -94 - -66. Suppose -4*m - 4*d - 153 = -5*d, -5*m + 4*d - 205 = 0. Let f = o - m. Calculate the remainder when 17 is divided by f.
8
Suppose 3*d - 149 - 718 = 0. Calculate the remainder when d is divided by 11.
3
Let i = -7645 - -7710. Let t = 1092 - 639. What is the remainder when t is divided by i?
63
Suppose 18542 = 139*z - 1752. Calculate the remainder when z is divided by 52.
42
Let m = 44 - 36. Suppose -m = 4*b, 5*b + 46 = 3*c - c. What is the remainder when 71 is divided by c?
17
Suppose 0 = 39*o - 44*o + 85. Let h = 467 + -353. What is the remainder when h is 